1511
List the prime factors of 734667484.
2, 183666871
List the prime factors of 664968053.
41, 16218733
What are the prime factors of 11904823?
7, 23, 73943
List the prime factors of 491331889.
43, 53, 79, 2729
List the prime factors of 234571032.
2, 3, 17, 127, 503
What are the prime factors of 5841768?
2, 3, 401, 607
List the prime factors of 957078130.
2, 5, 95707813
List the prime factors of 401323500.
2, 3, 5, 101, 883
What are the prime factors of 1650624879?
3, 163, 3375511
List the prime factors of 5240003552.
2, 7, 3341839
What are the prime factors of 3623069509?
41, 167, 353, 1499
List the prime factors of 335702382.
2, 3, 2749, 20353
List the prime factors of 347996662.
2, 13, 1487, 9001
What are the prime factors of 42723197?
11, 37, 104971
List the prime factors of 183228511.
23, 7966457
What are the prime factors of 5719680745?
5, 47, 2957, 8231
List the prime factors of 2687639146.
2, 1343819573
List the prime factors of 162382606.
2, 17, 4775959
What are the prime factors of 1432377550?
2, 5, 1583, 18097
List the prime factors of 3952083.
3, 1317361
What are the prime factors of 15157434?
2, 3, 2526239
List the prime factors of 6025382.
2, 11, 273881
List the prime factors of 126850138.
2, 63425069
What are the prime factors of 4688038528?
2, 37, 989873
What are the prime factors of 2772918294?
2, 3, 462153049
What are the prime factors of 747642421?
41, 73, 249797
What are the prime factors of 198965376?
2, 3, 57571
What are the prime factors of 58887973?
19, 3099367
List the prime factors of 187081587.
3, 7, 11, 499, 541
What are the prime factors of 504639726?
2, 3, 41, 631, 3251
What are the prime factors of 19368307?
7, 2766901
What are the prime factors of 2283422032?
2, 142713877
What are the prime factors of 729403136?
2, 7, 11, 37003
List the prime factors of 3370190019.
3, 7, 97, 613, 2699
List the prime factors of 55950240.
2, 3, 5, 41, 2843
What are the prime factors of 167534952?
2, 3, 13, 536971
What are the prime factors of 289093840?
2, 5, 7, 17, 30367
What are the prime factors of 2200099551?
3, 13, 449, 125641
List the prime factors of 207062.
2, 19, 5449
List the prime factors of 6014097913.
83, 151, 479861
List the prime factors of 158901652.
2, 7, 13, 17, 25679
What are the prime factors of 28599987?
3, 13, 733333
List the prime factors of 350229086.
2, 175114543
What are the prime factors of 111586053?
3, 5569, 6679
List the prime factors of 1369484417.
7, 227, 861853
What are the prime factors of 158435517?
3, 37, 1427347
What are the prime factors of 650635771?
650635771
What are the prime factors of 738929546?
2, 369464773
List the prime factors of 108268124.
2, 27067031
What are the prime factors of 213420283?
11897, 17939
List the prime factors of 130950407.
7, 18707201
List the prime factors of 182289453.
3, 17, 47, 113, 673
List the prime factors of 52794136.
2, 6599267
What are the prime factors of 2403030092?
2, 19, 1373, 23029
List the prime factors of 32454499.
7, 11, 38317
List the prime factors of 53524298.
2, 26762149
List the prime factors of 82567186.
2, 13, 3175661
List the prime factors of 111959517.
3, 29, 127, 10133
What are the prime factors of 219272395?
5, 53, 827443
List the prime factors of 2359342.
2, 37, 31883
List the prime factors of 234627214.
2, 523, 224309
What are the prime factors of 3076505?
5, 521, 1181
What are the prime factors of 500637741?
3, 5791, 28817
List the prime factors of 119391371.
11, 10853761
What are the prime factors of 406906242?
2, 3, 19, 37, 96469
List the prime factors of 1920984176.
2, 157, 764723
List the prime factors of 14271740.
2, 5, 7, 14563
What are the prime factors of 943514019?
3, 7, 3719, 4027
List the prime factors of 4231418196.
2, 3, 97, 3635239
What are the prime factors of 334318025?
5, 13372721
What are the prime factors of 594325490?
2, 5, 11, 31, 174289
What are the prime factors of 212128278?
2, 3, 17, 1013, 2053
List the prime factors of 64728673.
17, 563, 6763
What are the prime factors of 48318264?
2, 3, 671087
What are the prime factors of 61316055?
3, 5, 67, 6779
List the prime factors of 75651681.
3, 7, 3602461
What are the prime factors of 172735669?
19, 47, 193433
List the prime factors of 68143452.
2, 3, 13, 191, 2287
What are the prime factors of 966405026?
2, 557, 867509
What are the prime factors of 183905368?
2, 22988171
List the prime factors of 3516153019.
6473, 543203
What are the prime factors of 1016230428?
2, 3, 19, 41, 47, 257
What are the prime factors of 22297195?
5, 71, 107, 587
What are the prime factors of 40366024?
2, 17, 293, 1013
What are the prime factors of 3002427931?
59, 229, 359, 619
List the prime factors of 29895885.
3, 5, 97, 761
What are the prime factors of 603342139?
2039, 295901
List the prime factors of 154936175.
5, 6197447
List the prime factors of 6240587070.
2, 3, 5, 9157, 22717
List the prime factors of 16509041.
16509041
What are the prime factors of 2670007570?
2, 5, 267000757
What are the prime factors of 248031249?
3, 1987, 41609
List the prime factors of 262723555.
5, 52544711
List the prime factors of 406744288.
2, 12710759
List the prime factors of 643265844.
2, 3, 13, 191, 21589
List the prime factors of 453700413.
3, 223, 75353
What are the prime factors of 2454344650?
2, 5, 277, 177209
What are the prime factors of 273831294?
2, 3, 11, 523, 7933
List the prime factors of 93780395.
5, 113, 165983
What are the prime factors of 286378235?
5, 11, 13, 41, 9769
List the prime factors of 1520341399.
17, 89431847
List the prime factors of 48486475.
5, 983, 1973
List the prime factors of 50103601.
197, 419, 607
What are the prime factors of 138073761?
3, 7, 23, 1381
List the prime factors of 223425423.
3, 13, 1909619
What are the prime factors of 63725358?
2, 3, 61, 157, 1109
List the prime factors of 94791654.
2, 3, 1755401
What are the prime factors of 886215777?
3, 4079, 72421
What are the prime factors of 1873963288?
2, 197, 1189063
List the prime factors of 197978439.
3, 5743, 11491
List the prime factors of 177763248.
2, 3, 13, 3517
What are the prime factors of 479508885?
3, 5, 17, 626809
List the prime factors of 5268243358.
2, 7, 211, 1783427
List the prime factors of 48446035.
5, 11, 619, 1423
What are the prime factors of 227450599?
17, 13379447
What are the prime factors of 2346878679?
3, 17, 29, 73, 21737
What are the prime factors of 171387951?
3, 7, 157, 227, 229
What are the prime factors of 15752596?
2, 19, 10909
What are the prime factors of 42302482?
2, 21151241
List the prime factors of 4032101032.
2, 504012629
What are the prime factors of 116577995?
5, 97, 157, 1531
What are the prime factors of 653866350?
2, 3, 5, 47, 163, 569
List the prime factors of 2787288842.
2, 13, 67, 1600051
List the prime factors of 20358573.
3, 463, 14657
List the prime factors of 3417733732.
2, 7, 17437417
What are the prime factors of 442141836?
2, 3, 36845153
What are the prime factors of 313431017?
1747, 179411
List the prime factors of 66421597.
11, 6038327
What are the prime factors of 285301261?
7, 40757323
List the prime factors of 177227274.
2, 3, 7, 4219697
List the prime factors of 19985230.
2, 5, 727, 2749
What are the prime factors of 69663067?
23, 311, 9739
List the prime factors of 1774821494.
2, 53, 109, 153611
What are the prime factors of 1331976351?
3, 29, 15310073
List the prime factors of 118398156.
2, 3, 9866513
What are the prime factors of 100390832?
2, 19, 330233
What are the prime factors of 322547366?
2, 161273683
What are the prime factors of 4785542439?
3, 1595180813
List the prime factors of 12111482.
2, 41, 127, 1163
List the prime factors of 8150092683.
3, 2716697561
What are the prime factors of 1243805402?
2, 7, 6961, 12763
List the prime factors of 327462.
2, 3, 54577
What are the prime factors of 42096946?
2, 23, 31, 53, 557
What are the prime factors of 160972584?
2, 3, 23, 31, 409
List the prime factors of 347235319.
17, 20425607
What are the prime factors of 2485935607?
2485935607
List the prime factors of 35558746.
2, 17779373
List the prime factors of 391896469.
53, 1069, 6917
List the prime factors of 2822935878.
2, 3, 7, 3923, 5711
List the prime factors of 1261532347.
67, 18828841
List the prime factors of 802601160.
2, 3, 5, 31, 2157